digit of 522?
5
What is the tens digit of 2128?
2
What is the tens digit of 3435?
3
What is the ten thousands digit of 84147?
8
What is the tens digit of 3482?
8
What is the tens digit of 549?
4
What is the tens digit of 850?
5
What is the hundreds digit of 857?
8
What is the tens digit of 6941?
4
What is the ten thousands digit of 20228?
2
What is the tens digit of 2137?
3
What is the tens digit of 68355?
5
What is the hundreds digit of 11007?
0
What is the hundreds digit of 121828?
8
What is the thousands digit of 90731?
0
What is the hundreds digit of 3006?
0
What is the units digit of 17?
7
What is the thousands digit of 87493?
7
What is the tens digit of 10665?
6
What is the hundreds digit of 152?
1
What is the thousands digit of 10712?
0
What is the units digit of 1271?
1
What is the tens digit of 4618?
1
What is the ten thousands digit of 18002?
1
What is the units digit of 2?
2
What is the hundreds digit of 518?
5
What is the units digit of 508?
8
What is the thousands digit of 1697?
1
What is the units digit of 34086?
6
What is the ten thousands digit of 44201?
4
What is the hundreds digit of 9889?
8
What is the thousands digit of 13515?
3
What is the hundreds digit of 325?
3
What is the units digit of 445?
5
What is the units digit of 1000?
0
What is the ten thousands digit of 24434?
2
What is the tens digit of 6073?
7
What is the units digit of 353?
3
What is the thousands digit of 1001?
1
What is the hundreds digit of 34374?
3
What is the hundreds digit of 23843?
8
What is the tens digit of 8708?
0
What is the hundreds digit of 40745?
7
What is the tens digit of 6958?
5
What is the units digit of 40696?
6
What is the tens digit of 46209?
0
What is the tens digit of 755?
5
What is the thousands digit of 34324?
4
What is the thousands digit of 19451?
9
What is the tens digit of 812?
1
What is the units digit of 3664?
4
What is the thousands digit of 1334?
1
What is the thousands digit of 1515?
1
What is the units digit of 130?
0
What is the tens digit of 13131?
3
What is the thousands digit of 4369?
4
What is the tens digit of 3575?
7
What is the hundreds digit of 171238?
2
What is the units digit of 3843?
3
What is the tens digit of 35641?
4
What is the tens digit of 10079?
7
What is the ten thousands digit of 61043?
6
What is the hundreds digit of 23530?
5
What is the thousands digit of 6033?
6
What is the tens digit of 7237?
3
What is the thousands digit of 3268?
3
What is the tens digit of 26830?
3
What is the hundreds digit of 17394?
3
What is the thousands digit of 5867?
5
What is the hundreds digit of 28395?
3
What is the hundreds digit of 3536?
5
What is the tens digit of 499?
9
What is the ten thousands digit of 23537?
2
What is the hundreds digit of 9345?
3
What is the hundreds digit of 332?
3
What is the tens digit of 365?
6
What is the tens digit of 15833?
3
What is the tens digit of 181025?
2
What is the tens digit of 10848?
4
What is the units digit of 27992?
2
What is the units digit of 2255?
5
What is the hundreds digit of 919?
9
What is the tens digit of 947?
4
What is the units digit of 44184?
4
What is the tens digit of 67844?
4
What is the tens digit of 83352?
5
What is the ten thousands digit of 14501?
1
What is the hundreds digit of 4097?
0
What is the thousands digit of 40662?
0
What is the tens digit of 3008?
0
What is the units digit of 755?
5
What is the units digit of 1302?
2
What is the tens digit of 4928?
2
What is the thousands digit of 1091?
1
What is the units digit of 1511?
1
What is the units digit of 1705?
5
What is the units digit of 125869?
9
What is the hundreds digit of 6559?
5
What is the units digit of 11253?
3
What is the tens digit of 35?
3
What is the units digit of 298?
8
What is the thousands digit of 11469?
1
What is the hundreds digit of 139?
1
What is the hundreds digit of 15626?
6
What is the tens digit of 8759?
5
What is the ten thousands digit of 77498?
7
What is the tens digit of 7910?
1
What is the hundreds digit of 128952?
9
What is the hundreds digit of 21643?
6
What is the ten thousands digit of 110676?
1
What is the tens digit of 635?
3
What is the hundreds digit of 15329?
3
What is the tens digit of 34947?
4
What is the tens digit of 5341?
4
What is the tens digit of 96?
9
What is the tens digit of 1792?
9
What is the hundreds digit of 496?
4
What is the thousands digit of 1923?
1
What is the tens digit of 23160?
6
What is the thousands digit of 13495?
3
What is the thousands digit of 15786?
5
What is the units digit of 706?
6
What is the hundreds digit of 934?
9
What is the hundreds digit of 4722?
7
What is the units digit of 4781?
1
What is the units digit of 1784?
4
What is the units digit of 145160?
0
What is the ten thousands digit of 36921?
3
What is the thousands digit of 47032?
7
What is the units digit of 8133?
3
What is the tens digit of 804?
0
What is the thousands digit of 4792?
4
What is the units digit of 11047?
7
What is the ten thousands digit of 42882?
4
What is the tens digit of 4353?
5
What is the ten thousands digit of 15818?
1
What is the units digit of 255?
5
What is the thousands digit of 177545?
7
What is the hundreds digit of 22823?
8
What is the thousands digit of 7205?
7
What is the thousands digit of 24126?
4
What is the ten thousands digit of 14324?
1
What is the tens digit of 33273?
7
What is the units digit of 19594?
4
What is the units digit of 17163?
3
What is the ten thousands digit of 86730?
8
What is the thousands digit of 42802?
2
What is the thousands digit of 2042?
2
What is the ten thousands digit of 90165?
9
What is the units digit of 2593?
3
What is the hundreds digit of 1003?
0
What is the hundreds digit of 973?
9
What is the tens digit of 2404?
0
What is the hundreds digit of 18081?
0
What is the tens digit of 6740?
4
What is the units digit of 2064?
4
What is the units digit of 4370?
0
What is the units digit of 65946?
6
What is the hundreds digit of 2657?
6
What is the hundreds digit of 30891?
8
What is the units digit of 1016?
6
What is the hundreds digit of 72308?
3
What is the units digit of 59?
9
What is the tens digit of 46897?
9
What is the units digit of 34128?
8
What is the hundreds digit of 36669?
6
What is the hundreds digit of 651?
6
What is the tens digit of 762?
6
What is the units digit of 10002?
2
What is the thousands digit of 9858?
9
What is the units digit of 491?
1
What is the tens digit of 169?
6
What is the thousands digit of 3968?
3
What is the hundreds digit of 491?
4
What is the thousands digit of 133092?
3
What is the thousands digit of 2834?
2
What is the hundreds digit of 1358?
3
What is the thousands digit of 10816?
0
What is the units digit of 578?
8
What is the tens digit of 4170?
7
What is the tens digit of 33771?
7
What is the hundreds digit of 2344?
3
What is the tens digit of 141862?
6
What is the units digit of 10055?
5
What is the units digit of 2217?
7
What is the hundreds digit of 1610?
6
What is the units digit of 2096?
6
What is the thousands digit of 3209?
3
What is the thousands digit of 8150?
8
What is the thousands digit of 9647?
9
What is the hundreds digit of 190?
1
What is the thousands digit of 1915?
1
What is the units digit of 493?
3
What is the units digit of 144964?
4
What is the ten thousands digit of 22079?
2
What is the thousands digit of 4550?
4
What is the thousands digit of 99180?
9
What is the ten thousands digit of 43395?
4
What is the units digit of 3354?
4
What is the units digit of 80680?
0
What is the tens digit of 19245?
4
What is the tens digit of 431?
3
What is the hundreds digit of 6956?
9
What is the hundreds digit of 28627?
6
What is the thousands digit of 18004?
8
What is the units digit of 17?
7
What is the ten thousands digit of 15505?
1
What is the tens digit of 16840?
4
What is the hundreds digit of 639?
6
What is the thousands digit of 30756?
0
What is the tens digit of 39766?
6
What is the tens digit of 26099?
9
What is the hundreds digit of 290?
2
What is the ten thousands digit of 21586?
2
What is the tens digit of 38483?
8
What is the units digit of 3448?
8
What is the units digit of 319?
9
What is the hundreds digit of 47538?
5
What is the units digit of 30?
0
What is the units digit of 106142?
2
What is the thousands digit of 3928?
3
What is the